2. Does 4 divide c(-4)?
True
Let q be (-96)/(-44) - (-8)/(-44). Let v be 0 + -38 + 1*(-3 + q). Let i = 61 + v. Does 8 divide i?
False
Suppose -5*r - 1 = 3*g - 16, 0 = 4*g. Suppose r*w = -5*c + 99, 0*c - 93 = -3*w - 3*c. Is 29 a factor of (-42)/w*464/(-6)?
True
Suppose 4*t - n + 32 = 0, -n = 5*t - 3*n + 37. Let d(g) = -75*g - 3. Is 32 a factor of d(t)?
True
Let w = 4097 - 3708. Is w even?
False
Let b(l) be the first derivative of l**3/3 - l**2 - 11*l - 67. Does 3 divide b(-5)?
True
Suppose 0*w - w + 4*i = -60, 0 = 5*w - i - 205. Suppose -5378 = -5*b - 3*d, 0 = 41*b - w*b - 4*d - 1071. Is b a multiple of 43?
True
Suppose 1167*v + 36000 = 1192*v. Is 18 a factor of v?
True
Let a = 64 - 62. Suppose i + 91 = 5*n + a*i, 50 = 3*n - 4*i. Is n/(-21)*(-251 - 8) a multiple of 37?
True
Let o(h) = -2*h**3 - 23*h**2 - 70*h - 120. Is 94 a factor of o(-19)?
False
Suppose -2*m + 10*z + 280 = 5*z, -4*z = m - 127. Suppose -g - 3*k - 135 = 2*g, m = -3*g + k. Is (4/(-10) + 2)/((-1)/g) a multiple of 36?
True
Let w(j) = -26*j - 33 + 17 - 21. Does 26 divide w(-12)?
False
Let i(j) = -j**2 - 20*j + 4. Let b be i(-20). Suppose 3*z + 2*u = 4*z - 299, b*z = -2*u + 1206. Does 11 divide z?
False
Let w = -5689 - -9415. Does 9 divide w?
True
Let c(y) = -y**3 + 22*y**2 + 9*y + 43. Let v be c(19). Suppose -2*n - v = -5*q - n, 2*q - n - 517 = 0. Does 19 divide q?
False
Suppose 156*j = 135*j + 124257. Is 61 a factor of j?
True
Let l(m) = -m + 17. Let c(b) = 7*b - 18. Let i be c(4). Let z be l(i). Let j(k) = -k**3 + 9*k**2 + k + 10. Does 23 divide j(z)?
True
Let b(a) = 27*a - 72. Suppose 0 = -2*v - 4*p + 42, -8*p + 66 = 3*v - 5*p. Is b(v) a multiple of 9?
True
Let r = -18406 - -29497. Is 213 a factor of r?
False
Let v(c) = 75*c**2 + 8*c + 16. Let b be ((-10)/(-15))/(9/(-27)). Is 8 a factor of v(b)?
False
Suppose -4*l = j - 1647, -6*l - 118 = -88. Is 21 a factor of j?
False
Let o = 1634 + -429. Let y = 1914 - o. Is y a multiple of 28?
False
Let b(g) = 8*g**3 + 3*g**2 + 2*g + 6. Let x(o) = 9*o**3 + 2*o**2 + 2*o + 7. Let k(h) = -6*b(h) + 5*x(h). Does 4 divide k(-3)?
False
Let k(x) = x**3 - 23*x**2 + 20*x - 45. Let r(t) = -t**3 + 24*t**2 - 19*t + 45. Let a(b) = 4*k(b) + 3*r(b). Is a(19) a multiple of 22?
False
Suppose 313*r + 27*r - 1961120 = 0. Is r a multiple of 8?
True
Let n(b) = -b**2 + 18*b + 95. Let w be n(22). Is 8 a factor of (-1623)/7*-1 - (-1)/w?
True
Suppose 7*t = 2*t - 70. Suppose 15*r - 863 = -113. Let p = t + r. Is 3 a factor of p?
True
Let z(h) = -h**3 + 24*h**2 - 26*h + 7. Let l be z(21). Suppose 3*y - 2*d - 56 - 557 = 0, -4*y - 4*d = -l. Does 67 divide y?
True
Let o = 232 + -229. Suppose 14*p - 1296 = 11*p + o*x, -4*x = p - 457. Does 9 divide p?
False
Suppose 36*b - 453424 = -9*b - 23*b. Is 111 a factor of b?
False
Let t(i) = -21*i - 29. Let p be t(-9). Suppose -4*l + p = 4*l. Is (16/l)/((-3)/(-180)) a multiple of 8?
True
Let i(y) = y**2 - 13*y + 33. Let t be i(3). Suppose -5*u + 2139 = -w, 2*u - t*w - 870 = w. Is 53 a factor of u?
False
Suppose -2*q + 1 = -1. Suppose -4*p = -q - 7. Is 10 a factor of (-2)/(-3)*(1 - p)*-45?
True
Let x = -16159 - -31337. Does 23 divide x?
False
Let o(y) = 4 - 2*y**2 + 854*y - 860*y + 3*y**2. Suppose 3*v - 2*v - 15 = 4*s, -31 = -3*v - 2*s. Is o(v) a multiple of 29?
False
Is 22 a factor of 6/10 - (-10249472)/1280?
True
Let n be 0 + 0 - (30 + -30). Suppose -13*v + 18*v - 1200 = n. Suppose -4*s + 12*s - v = 0. Is s a multiple of 6?
True
Let v(q) = -q**3 - 6*q**2 - 4*q + 2. Let s be v(-5). Is 18 a factor of s*2/(-2) - -483?
True
Suppose 5*b - 134620 = 4*r, -3*b = -14*r + 9*r - 80772. Does 53 divide b?
True
Let d = 12677 + -1831. Is d a multiple of 22?
True
Suppose -f + 4*f + 3*z - 12 = 0, 2*f + 3*z = 10. Suppose -f*q - 3*q + 5055 = -i, -q - 5*i + 1011 = 0. Does 48 divide q?
False
Let t = 1817 + 3254. Suppose 0 = 41*s - 26417 - t. Does 48 divide s?
True
Let h(u) = 66*u - 1316. Is 4 a factor of h(24)?
True
Let j be ((-3)/2)/(2 + 38/(-16)). Suppose -v + j - 8 = 0. Does 15 divide 25/v*(-4 + -20)?
True
Let y(u) = -u**3 + 7*u**2 - 5*u - 4. Let w be y(6). Suppose -3*j + 153 = -2*i - i, w*j = i + 51. Let z = 99 + i. Is z a multiple of 7?
False
Let q = -164 - 457. Let k = 1010 + q. Is k a multiple of 27?
False
Suppose 2*t = -11*t + 1066. Suppose 5*q - 1270 = 5*u, 5*u = -q + 166 + t. Does 23 divide q?
True
Suppose y - 3015 = -3*m - 371, -m + 878 = y. Does 4 divide m?
False
Let w(l) = 5*l - 61. Let a be w(14). Suppose 15 = -a*v + 51. Suppose -82 - 14 = -v*f. Is 24 a factor of f?
True
Suppose -4*k - 11004 = -2*z, 2*z + 0*z = -k + 11014. Is 54 a factor of z?
False
Let b(p) = -68*p**3 - 54*p**2 + 20*p - 9. Is b(-6) a multiple of 157?
False
Suppose -4*q + 244 = s, 4*s + 284 = -2*q + 1330. Suppose 0 = 46*n - 47*n + s. Is 44 a factor of n?
True
Suppose -15*q + 21175 = 70. Does 97 divide (7 + q/28)*8?
False
Let z be 1/(-5*(-3)/5025). Let r = z + -207. Let u = r - -25. Is 19 a factor of u?
False
Let f(d) = d + 12. Let m = 11 - 19. Let j be f(m). Suppose -j*a + 608 = -64. Is 12 a factor of a?
True
Let a(l) be the second derivative of -l**4/4 - 10*l**3/3 - 13*l**2/2 + 35*l. Let r be a(-6). Does 5 divide (-35 - -4 - 4)/r?
True
Suppose 0 = -25*t - 17*t + 64806. Is 4 a factor of t?
False
Suppose -42*w = -47055 + 5853. Is 12 a factor of w?
False
Let x(v) = 2*v**3 + 39*v**2 + 33*v - 18. Let r be x(-18). Suppose -34*n = -28*n - r. Is 2 a factor of n?
True
Suppose -c + 1 = -3*u - 2, 3*u - 3 = -c. Suppose 0 = -4*w - 20, -4*v = 2*w - c - 7. Suppose 4*n - 96 = -4*o, n = v*o + 2 + 40. Is 9 a factor of n?
True
Let f(q) = -q**3 + 6*q**2 + 7*q + 3. Let j be f(7). Suppose -3*a - a = -5*r - 3000, j*r - 3*a + 1797 = 0. Does 17 divide r/(-12) + (-6)/(-9)?
True
Suppose 4004*i = 3834*i + 985830. Is 3 a factor of i?
True
Does 253 divide (126098/(-8) + 925/740)/((-1)/3)?
False
Let a = 44 - 39. Suppose -2*c + 169 = -5*g, a*c + 3*g = 7*g + 448. Does 16 divide c?
False
Suppose -3*c = 1 + 32. Let q be (282 - c) + 6 + -2. Suppose -2*z = 73 - q. Is 16 a factor of z?
True
Let i(j) = j**3 - 4*j**2 - 10*j - 13. Let k be i(6). Let h(n) = -n + 1. Let w(l) = -28*l - 2. Let p(o) = 5*h(o) + w(o). Does 12 divide p(k)?
True
Let n = 71 - 70. Suppose 7 = 2*h + 5*v + n, h = -3*v + 3. Suppose h*w + 4*w - 511 = 0. Does 13 divide w?
False
Is 8 a factor of (26/10 + -1)*(0 - -105*1)?
True
Let f(s) = s**2 + 10*s + 31. Let k be f(-9). Suppose -60*v + 33402 = -k*v. Is 79 a factor of v?
False
Suppose 31*l - 12*l = 5890. Let h = l - 210. Is 2 a factor of h?
True
Suppose -5*y - y + 24 = 0. Suppose -m + 16 = 4*d - 125, -5*m = y*d - 753. Suppose 0 = -i - 0*i + m. Is 14 a factor of i?
False
Suppose 6*s = -29*s + 172165. Is 43 a factor of s?
False
Suppose -24*i + 3839 = -793. Let f = i - -33. Is 8 a factor of f?
False
Let y be 1/(4 - (-27573)/(-6894)). Suppose -8*j + 958 = -y. Suppose -7*s = 71 - j. Is 8 a factor of s?
True
Let s(g) = 11*g**2 + 16*g + 372. Is s(-26) a multiple of 44?
True
Let w = 912 - 429. Suppose 198 + w = 3*q. Let i = q + -106. Is i a multiple of 11?
True
Suppose 1882 = -4*p + 10*p - 782. Is 2 a factor of p?
True
Let y(g) = -2*g**3 - g**2 + 4*g + 1. Let n be y(-2). Suppose 3*f = 0, -336 + 1596 = n*l + 4*f. Is l a multiple of 28?
True
Let h(x) = -x**2 + 3*x + 1. Let v be h(2). Suppose -i = v*s + 43, 3*i = -2*i + 2*s - 266. Does 30 divide ((-26)/i)/(2/568)?
False
Let p(c) = 4*c - 5. Let d(m) = 9*m - 4. Suppose -5*a + 7 + 8 = 0. Let y be d(a). Is 32 a factor of p(y)?
False
Suppose 4*i - 36 = -r, 5*r - 87*i - 197 = -90*i. Does 6 divide r?
False
Suppose 4*l - 10 = 2. Let f be (-20)/(-1 - (-1)/l). Let o = f - 21. Does 4 divide o?
False
Let o(a) = -5*a + 78. Let m be o(18). Suppose 54 = 2*j - 18. Let c = j + m. Is 24 a factor of c?
True
Let m(c) = -1. Let o(w) = 15*w + 8. Let g = -58 - -64. Let q(j) = g*m(j) + o(j). Does 12 divide q(4)?
False
Suppose 4*b - b - 5*k = -39, 0 = -b + 5*k - 23. Let p = 10 + b. Suppose 0 = w - p*t - 3*t + 8, -2*t - 41 = -3*w. Is 3 a factor of w?
False
Is 10 a factor of (2 + 5063/(-4))/(155/(-248))?
False
Suppose 3*o - 19533 = -5*k, -2*k + 13018 = o + o. Does 131 divide o?
False
Let c be -3 + 155/5 + 0 + 0. Let n be (-3)/42*-6 - (-16)/c. Does 41 divide 7/(-7) + 100/n?
False
Let j(i) = 3*i**2 - 3*i**2 + 20*i + 9 - i**2. Suppose w = 2*s - 24, 2*s - w - 18 = 3*w. Is j(s) a mul